{"version":"1.0","provider_name":"Egy \u00faj \u00e9let kezdete","provider_url":"https:\/\/anyaorom.cafeblog.hu","author_name":"P. K\u00f6teles R\u00e9ka","author_url":"https:\/\/anyaorom.cafeblog.hu\/author\/p_koteles_reka\/","title":"K\u00f6lt\u00f6z\u00e9s egy picivel","html":"<p>Sajnos k\u00f6lt\u00f6z\u00e9sre ker\u00fclt n\u00e1lunk a sor, amikor a pici bab\u00f3nk 3 h\u00f3napos volt. Gondoltam, olyan picike \u00e9s am\u00fagy is, szinte csak alszik, meg eszik, \u00e9szre se fogja venni. Gondoltam \u00e9n, persze nem \u00edgy lett. <br \/>A mi kicsink nagyon figyelt, hason fekve a kis\u00e1gyb\u00f3l k\u00e9mlelte mi t\u00f6rt\u00e9nik k\u00f6r\u00fcl\u00f6tte. Majd egy h\u00f3nap volt, mire lassan \u00f6sszepakoltam, \u00e9s megkezd\u0151d\u00f6tt az \u00e1tpakol\u00e1s. K\u00f6zben a neten n\u00e9zel\u0151dve olvastam sok helyen, hogy a 4 h\u00f3napos bab\u00e1k ny\u00falnak a t\u00e1rgyak\u00e9rt, megfogj\u00e1k azokat. A kis p\u00f6tyink nem csin\u00e1lta. Volt torn\u00e1ztat\u00f3 h\u00eddja, az sem \u00e9rdekelte, nem ny\u00falt fel\u00e9, csak n\u00e9zte. J\u00f6tt a v\u00e9d\u0151n\u0151 \u00e9s r\u00e1k\u00e9rdeztem, hogy k\u00e9ne-e m\u00e1r ny\u00falnia a t\u00e1rgyak\u00e9rt. Azt v\u00e1laszolta igen, majd \u0151 is pr\u00f3b\u00e1lta a j\u00e1t\u00e9kokkal r\u00e1venni, hogy ny\u00faljon, de nem ny\u00falt, \u00e9s nem is fogta meg a kez\u00e9be adott t\u00e1rgyakat. Elk\u00fcld\u00f6tt minket korai fejleszt\u00e9sre.<\/p>\r\n<p>Majdnem s\u00edrtam, mit ronthattam el? J\u00f6tt a m\u00e1sik \"szar anya vagyok pofon\" Lefoglalt volna a csomagol\u00e1s, \u00e9s nem foglalkoztam a picimmel eleget? Rossz anya lenn\u00e9k? Vagy valami baj van?<br \/>Megijedtem, nagyon figyeltem, csin\u00e1l-e valami \"\u00fajat\", de nem, semmit, csak ha hasra tettem, emelte a fej\u00e9t \u00e9s leste mit csin\u00e1lok.<\/p>\r\n<p><br \/>Elj\u00f6tt a k\u00f6lt\u00f6z\u00e9s ideje, \u00e1tk\u00f6lt\u00f6zt\u00fcnk az \u00faj lak\u00e1sba. Eltelt 2 nap \u00e9s megfordult hasr\u00f3l h\u00e1tra, h\u00e1tr\u00f3l hasra. K\u00f6zben elment\u00fcnk a fejleszt\u0151 torn\u00e1ra is, ahol kider\u00fclt, hogy a v\u00e1ll\u00e1n\u00e1l van egy kis letapad\u00e1s, mondt\u00e1k, hogy nem kell agg\u00f3dnunk nem lesz semmi baj.<\/p>\r\n<p><br \/>\u00cdgy is lett, sz\u00e9pen j\u00f6tt a f\u00f3k\u00e1z\u00e1s, majd 6 h\u00f3naposan fel\u00fclt, majd m\u00e1szni kezdett, 7 h\u00f3naposan pedig fel\u00e1llt. Most lett\u00fcnk 10h\u00f3naposak \u00e9s m\u00e1r j\u00e1rk\u00e1lunk \u00fagy, hogy kapaszkodik a kisasszony. A keze is m\u00e1r nagyon \u00fcgyes, a cumis\u00fcvegb\u0151l egyed\u00fcl eszik, iszik \u00e9s a kanalat\u00a0 is sz\u00e9pen rakja a sz\u00e1j\u00e1hoz. <br \/>Megnyugodtam. Ma m\u00e1r a fejleszt\u0151 torna csak egy j\u00f3 kis anya l\u00e1nya, olykor pedig apa l\u00e1nya program lett, amit p\u00f6tyi nagyon \u00e9lvez.<\/p>\r\n<p>Ha hasonl\u00f3 esetbe ker\u00fclsz, mint mi \u00e9s pici bab\u00e1val kell k\u00f6lt\u00f6zn\u00f6d akkor tal\u00e1n a k\u00f6vetkez\u0151 tan\u00e1csok seg\u00edthetnek neked (Laikus vagyok, nem szakember csak a saj\u00e1t megfigyel\u00e9seimen, tapasztalatom alapj\u00e1n adom ezeket a tan\u00e1csokat.)<br \/>- \u00c9n legel\u0151sz\u00f6r pont a pici cuccait pakoltam el. J\u00e1t\u00e9kok amik m\u00e9g csak a polcon voltak, k\u00e9pek a falr\u00f3l stb. csak a napi haszn\u00e1lati cikkeket hagytam el\u00f6l. Na ez volt szerintem a nagy h\u00fclyes\u00e9gem. Teljesen megbolygattam a kis \u00e9letter\u00e9t, \u00e9s nem csak 1-2napra, hanem t\u00f6bb h\u00e9tre. Sz\u00f3val most m\u00e1r tuti az \u0151 birodalm\u00e1t hagyn\u00e1m utolj\u00e1ra, \u00e9s \u00e1tk\u00f6lt\u00f6z\u00e9skor is az \u0151 rezidenci\u00e1ja lenne az els\u0151.<br \/>- Am\u00edg pakolj\u00e1k a b\u00fatorokat, berendez\u00e9seket, pr\u00f3b\u00e1ljatok meg a bab\u00f3val valamilyen csendes k\u00f6rnyezetben lenni. P\u00e9ld\u00e1ul b\u00edzd a nagysz\u00fcl\u0151kre, vagy menjetek el s\u00e9t\u00e1lni egy kicsit, de ne legyetek a hangos, fesz\u00fclt k\u00f6rnyezetben.<br \/>- M\u00e9g aznap, ha m\u00e1st nem is, de a kis\u00e1gy\u00e1t rendezz\u00e9tek vissza \u00fagy ahogy volt. Hi\u00e1ba gondolod, hogy a forg\u00f3 \u00e9s a baldahin nem fontos most. De fontos a picinek nagyon is, mert az \u0151 kis \u00e9let\u00e9be az beletartozik. Ilyen pici r\u00e9szletek is felbor\u00edtj\u00e1k az \u0151 kis h\u00e9tk\u00f6znapjait.<\/p>\r\n<p>Egy biztos, hogy ezek a kis picik\u00e9k nagyon \u00e9rz\u00e9kenyek minden kis v\u00e1ltoz\u00e1sra. Ezt tartsuk mindig szem el\u0151tt.<\/p>","type":"rich"}

Egy új élet kezdete

P. Köteles Réka

Költözés egy picivel

<p>Sajnos költözésre került nálunk a sor, amikor a pici babónk 3 hónapos volt. Gondoltam, olyan picike és amúgy is, szinte csak alszik, meg eszik, észre se fogja venni. Gondoltam én, persze nem így lett. <br />A mi kicsink nagyon figyelt, hason fekve a kiságyból kémlelte mi történik körülötte. Majd egy hónap volt, mire lassan összepakoltam, és megkezdődött az átpakolás. Közben a neten nézelődve olvastam sok helyen, hogy a 4 hónapos babák nyúlnak a tárgyakért, megfogják azokat. A kis pötyink nem csinálta. Volt tornáztató hídja, az sem érdekelte, nem nyúlt felé, csak nézte. Jött a védőnő és rákérdeztem, hogy kéne-e már nyúlnia a tárgyakért. Azt válaszolta igen, majd ő is próbálta a játékokkal rávenni, hogy nyúljon, de nem nyúlt, és nem is fogta meg a kezébe adott tárgyakat. Elküldött minket korai fejlesztésre.</p>
<p>Majdnem sírtam, mit ronthattam el? Jött a másik "szar anya vagyok pofon" Lefoglalt volna a csomagolás, és nem foglalkoztam a picimmel eleget? Rossz anya lennék? Vagy valami baj van?<br />Megijedtem, nagyon figyeltem, csinál-e valami "újat", de nem, semmit, csak ha hasra tettem, emelte a fejét és leste mit csinálok.</p>
<p><br />Eljött a költözés ideje, átköltöztünk az új lakásba. Eltelt 2 nap és megfordult hasról hátra, hátról hasra. Közben elmentünk a fejlesztő tornára is, ahol kiderült, hogy a vállánál van egy kis letapadás, mondták, hogy nem kell aggódnunk nem lesz semmi baj.</p>
<p><br />Így is lett, szépen jött a fókázás, majd 6 hónaposan felült, majd mászni kezdett, 7 hónaposan pedig felállt. Most lettünk 10hónaposak és már járkálunk úgy, hogy kapaszkodik a kisasszony. A keze is már nagyon ügyes, a cumisüvegből egyedül eszik, iszik és a kanalat  is szépen rakja a szájához. <br />Megnyugodtam. Ma már a fejlesztő torna csak egy jó kis anya lánya, olykor pedig apa lánya program lett, amit pötyi nagyon élvez.</p>
<p>Ha hasonló esetbe kerülsz, mint mi és pici babával kell költöznöd akkor talán a következő tanácsok segíthetnek neked (Laikus vagyok, nem szakember csak a saját megfigyeléseimen, tapasztalatom alapján adom ezeket a tanácsokat.)<br />- Én legelőször pont a pici cuccait pakoltam el. Játékok amik még csak a polcon voltak, képek a falról stb. csak a napi használati cikkeket hagytam elöl. Na ez volt szerintem a nagy hülyeségem. Teljesen megbolygattam a kis életterét, és nem csak 1-2napra, hanem több hétre. Szóval most már tuti az ő birodalmát hagynám utoljára, és átköltözéskor is az ő rezidenciája lenne az első.<br />- Amíg pakolják a bútorokat, berendezéseket, próbáljatok meg a babóval valamilyen csendes környezetben lenni. Például bízd a nagyszülőkre, vagy menjetek el sétálni egy kicsit, de ne legyetek a hangos, feszült környezetben.<br />- Még aznap, ha mást nem is, de a kiságyát rendezzétek vissza úgy ahogy volt. Hiába gondolod, hogy a forgó és a baldahin nem fontos most. De fontos a picinek nagyon is, mert az ő kis életébe az beletartozik. Ilyen pici részletek is felborítják az ő kis hétköznapjait.</p>
<p>Egy biztos, hogy ezek a kis picikék nagyon érzékenyek minden kis változásra. Ezt tartsuk mindig szem előtt.</p>
